{"id":3409,"date":"2024-07-26T10:54:52","date_gmt":"2024-07-26T09:54:52","guid":{"rendered":"https:\/\/utiligize.com\/?post_type=events&#038;p=3409"},"modified":"2025-10-29T18:19:48","modified_gmt":"2025-10-29T17:19:48","slug":"28-konferencja-i-wystawa-cired-2025-dotyczaca-dystrybucji-energii-elektrycznej","status":"publish","type":"events","link":"https:\/\/utiligize.com\/pl\/events\/28-konferencja-i-wystawa-cired-2025-dotyczaca-dystrybucji-energii-elektrycznej\/","title":{"rendered":"28. Konferencja i Wystawa CIRED 2025 dotycz\u0105ca Dystrybucji Energii Elektrycznej"},"content":{"rendered":"\n    <div class=\"acf-image\" >\n\t\t<img loading=\"lazy\" decoding=\"async\" width=\"2706\" height=\"652\" src=\"https:\/\/utiligize.com\/wp-content\/uploads\/2024\/07\/Screenshot-2024-07-25-at-16.02.33.png\" class=\"attachment-full size-full\" alt=\"\" srcset=\"https:\/\/utiligize.com\/wp-content\/uploads\/2024\/07\/Screenshot-2024-07-25-at-16.02.33.png 2706w, https:\/\/utiligize.com\/wp-content\/uploads\/2024\/07\/Screenshot-2024-07-25-at-16.02.33-300x72.png 300w, https:\/\/utiligize.com\/wp-content\/uploads\/2024\/07\/Screenshot-2024-07-25-at-16.02.33-1024x247.png 1024w, https:\/\/utiligize.com\/wp-content\/uploads\/2024\/07\/Screenshot-2024-07-25-at-16.02.33-768x185.png 768w, https:\/\/utiligize.com\/wp-content\/uploads\/2024\/07\/Screenshot-2024-07-25-at-16.02.33-1536x370.png 1536w, https:\/\/utiligize.com\/wp-content\/uploads\/2024\/07\/Screenshot-2024-07-25-at-16.02.33-2048x493.png 2048w\" sizes=\"auto, (max-width: 2706px) 100vw, 2706px\" \/>    <\/div>\n\n\n    <div class=\"acf-text-editor\" >\n        <div class=\"c-wysiwyg\">\n\t\t\t<p>Mi\u0142o nam og\u0142osi\u0107, \u017ce Utiligize we\u017amie udzia\u0142 w 28. Konferencji i Wystawie na temat Dystrybucji Energii Elektrycznej, CIRED, kt\u00f3ra odb\u0119dzie si\u0119 w dniach 16-19 czerwca 2025 roku w Genewie, w Szwajcarii. Odwied\u017a nas na stoisku H3 i przekonaj si\u0119, jak nasze oprogramowanie do zarz\u0105dzania zasobami zosta\u0142o stworzone, aby pom\u00f3c przedsi\u0119biorstwom energetycznym usprawni\u0107 procesy, obni\u017cy\u0107 koszty i zwi\u0119kszy\u0107 wydajno\u015b\u0107 zielonych system\u00f3w energetycznych.<\/p>\n<p>Ta konferencja to doskona\u0142a okazja do nawi\u0105zania kontakt\u00f3w z ekspertami z bran\u017cy oraz poznania nowych bada\u0144, pomys\u0142\u00f3w i inicjatyw w dziedzinie dystrybucji energii elektrycznej. Z rado\u015bci\u0105 poka\u017cemy, jak nasze rozwi\u0105zania wspieraj\u0105 zr\u00f3wnowa\u017con\u0105 i efektywn\u0105 przysz\u0142o\u015b\u0107 energetyczn\u0105.<\/p>\n<p>&nbsp;<\/p>\n        <\/div>\n    <\/div>\n","protected":false},"excerpt":{"rendered":"<p>Odwied\u017a nas na DISTRIBUTECH International, 24-27 marca 2025, w Dallas w Teksasie. Dowiedz si\u0119, jak nasze oprogramowanie optymalizuje procesy u\u017cyteczno\u015bci publicznej i usprawnia systemy zielonej energii przy stoisku H3.<\/p>\n","protected":false},"featured_media":3412,"template":"","class_list":["post-3409","events","type-events","status-publish","has-post-thumbnail","hentry"],"acf":[],"yoast_head":"<title>28. Konferencja i Wystawa CIRED 2025 dotycz\u0105ca Dystrybucji Energii Elektrycznej - Utiligize<\/title>\n<meta name=\"robots\" content=\"index, follow, max-snippet:-1, max-image-preview:large, max-video-preview:-1\" \/>\n<link rel=\"canonical\" href=\"https:\/\/utiligize.com\/pl\/events\/28-konferencja-i-wystawa-cired-2025-dotyczaca-dystrybucji-energii-elektrycznej\/\" \/>\n<meta property=\"og:locale\" content=\"pl_PL\" \/>\n<meta property=\"og:type\" content=\"article\" \/>\n<meta property=\"og:title\" content=\"28. Konferencja i Wystawa CIRED 2025 dotycz\u0105ca Dystrybucji Energii Elektrycznej - Utiligize\" \/>\n<meta property=\"og:description\" content=\"Odwied\u017a nas na DISTRIBUTECH International, 24-27 marca 2025, w Dallas w Teksasie. Dowiedz si\u0119, jak nasze oprogramowanie optymalizuje procesy u\u017cyteczno\u015bci publicznej i usprawnia systemy zielonej energii przy stoisku H3.\" \/>\n<meta property=\"og:url\" content=\"https:\/\/utiligize.com\/pl\/events\/28-konferencja-i-wystawa-cired-2025-dotyczaca-dystrybucji-energii-elektrycznej\/\" \/>\n<meta property=\"og:site_name\" content=\"Utiligize\" \/>\n<meta property=\"article:modified_time\" content=\"2025-10-29T17:19:48+00:00\" \/>\n<meta property=\"og:image\" content=\"https:\/\/utiligize.com\/wp-content\/uploads\/2024\/07\/CIRED.png\" \/>\n\t<meta property=\"og:image:width\" content=\"500\" \/>\n\t<meta property=\"og:image:height\" content=\"500\" \/>\n\t<meta property=\"og:image:type\" content=\"image\/png\" \/>\n<meta name=\"twitter:card\" content=\"summary_large_image\" \/>\n<script type=\"application\/ld+json\" class=\"yoast-schema-graph\">{\"@context\":\"https:\\\/\\\/schema.org\",\"@graph\":[{\"@type\":\"WebPage\",\"@id\":\"https:\\\/\\\/utiligize.com\\\/pl\\\/events\\\/28-konferencja-i-wystawa-cired-2025-dotyczaca-dystrybucji-energii-elektrycznej\\\/\",\"url\":\"https:\\\/\\\/utiligize.com\\\/pl\\\/events\\\/28-konferencja-i-wystawa-cired-2025-dotyczaca-dystrybucji-energii-elektrycznej\\\/\",\"name\":\"28. Konferencja i Wystawa CIRED 2025 dotycz\u0105ca Dystrybucji Energii Elektrycznej - Utiligize\",\"isPartOf\":{\"@id\":\"https:\\\/\\\/utiligize.com\\\/pl\\\/#website\"},\"primaryImageOfPage\":{\"@id\":\"https:\\\/\\\/utiligize.com\\\/pl\\\/events\\\/28-konferencja-i-wystawa-cired-2025-dotyczaca-dystrybucji-energii-elektrycznej\\\/#primaryimage\"},\"image\":{\"@id\":\"https:\\\/\\\/utiligize.com\\\/pl\\\/events\\\/28-konferencja-i-wystawa-cired-2025-dotyczaca-dystrybucji-energii-elektrycznej\\\/#primaryimage\"},\"thumbnailUrl\":\"https:\\\/\\\/utiligize.com\\\/wp-content\\\/uploads\\\/2024\\\/07\\\/CIRED.png\",\"datePublished\":\"2024-07-26T09:54:52+00:00\",\"dateModified\":\"2025-10-29T17:19:48+00:00\",\"breadcrumb\":{\"@id\":\"https:\\\/\\\/utiligize.com\\\/pl\\\/events\\\/28-konferencja-i-wystawa-cired-2025-dotyczaca-dystrybucji-energii-elektrycznej\\\/#breadcrumb\"},\"inLanguage\":\"pl-PL\",\"potentialAction\":[{\"@type\":\"ReadAction\",\"target\":[\"https:\\\/\\\/utiligize.com\\\/pl\\\/events\\\/28-konferencja-i-wystawa-cired-2025-dotyczaca-dystrybucji-energii-elektrycznej\\\/\"]}]},{\"@type\":\"ImageObject\",\"inLanguage\":\"pl-PL\",\"@id\":\"https:\\\/\\\/utiligize.com\\\/pl\\\/events\\\/28-konferencja-i-wystawa-cired-2025-dotyczaca-dystrybucji-energii-elektrycznej\\\/#primaryimage\",\"url\":\"https:\\\/\\\/utiligize.com\\\/wp-content\\\/uploads\\\/2024\\\/07\\\/CIRED.png\",\"contentUrl\":\"https:\\\/\\\/utiligize.com\\\/wp-content\\\/uploads\\\/2024\\\/07\\\/CIRED.png\",\"width\":500,\"height\":500},{\"@type\":\"BreadcrumbList\",\"@id\":\"https:\\\/\\\/utiligize.com\\\/pl\\\/events\\\/28-konferencja-i-wystawa-cired-2025-dotyczaca-dystrybucji-energii-elektrycznej\\\/#breadcrumb\",\"itemListElement\":[{\"@type\":\"ListItem\",\"position\":1,\"name\":\"Home\",\"item\":\"https:\\\/\\\/utiligize.com\\\/pl\\\/\"},{\"@type\":\"ListItem\",\"position\":2,\"name\":\"28. Konferencja i Wystawa CIRED 2025 dotycz\u0105ca Dystrybucji Energii Elektrycznej\"}]},{\"@type\":\"WebSite\",\"@id\":\"https:\\\/\\\/utiligize.com\\\/pl\\\/#website\",\"url\":\"https:\\\/\\\/utiligize.com\\\/pl\\\/\",\"name\":\"Utiligize\",\"description\":\"for powerful decisions\",\"potentialAction\":[{\"@type\":\"SearchAction\",\"target\":{\"@type\":\"EntryPoint\",\"urlTemplate\":\"https:\\\/\\\/utiligize.com\\\/pl\\\/?s={search_term_string}\"},\"query-input\":{\"@type\":\"PropertyValueSpecification\",\"valueRequired\":true,\"valueName\":\"search_term_string\"}}],\"inLanguage\":\"pl-PL\"}]}<\/script>","yoast_head_json":{"title":"28. Konferencja i Wystawa CIRED 2025 dotycz\u0105ca Dystrybucji Energii Elektrycznej - Utiligize","robots":{"index":"index","follow":"follow","max-snippet":"max-snippet:-1","max-image-preview":"max-image-preview:large","max-video-preview":"max-video-preview:-1"},"canonical":"https:\/\/utiligize.com\/pl\/events\/28-konferencja-i-wystawa-cired-2025-dotyczaca-dystrybucji-energii-elektrycznej\/","og_locale":"pl_PL","og_type":"article","og_title":"28. Konferencja i Wystawa CIRED 2025 dotycz\u0105ca Dystrybucji Energii Elektrycznej - Utiligize","og_description":"Odwied\u017a nas na DISTRIBUTECH International, 24-27 marca 2025, w Dallas w Teksasie. Dowiedz si\u0119, jak nasze oprogramowanie optymalizuje procesy u\u017cyteczno\u015bci publicznej i usprawnia systemy zielonej energii przy stoisku H3.","og_url":"https:\/\/utiligize.com\/pl\/events\/28-konferencja-i-wystawa-cired-2025-dotyczaca-dystrybucji-energii-elektrycznej\/","og_site_name":"Utiligize","article_modified_time":"2025-10-29T17:19:48+00:00","og_image":[{"width":500,"height":500,"url":"https:\/\/utiligize.com\/wp-content\/uploads\/2024\/07\/CIRED.png","type":"image\/png"}],"twitter_card":"summary_large_image","schema":{"@context":"https:\/\/schema.org","@graph":[{"@type":"WebPage","@id":"https:\/\/utiligize.com\/pl\/events\/28-konferencja-i-wystawa-cired-2025-dotyczaca-dystrybucji-energii-elektrycznej\/","url":"https:\/\/utiligize.com\/pl\/events\/28-konferencja-i-wystawa-cired-2025-dotyczaca-dystrybucji-energii-elektrycznej\/","name":"28. Konferencja i Wystawa CIRED 2025 dotycz\u0105ca Dystrybucji Energii Elektrycznej - Utiligize","isPartOf":{"@id":"https:\/\/utiligize.com\/pl\/#website"},"primaryImageOfPage":{"@id":"https:\/\/utiligize.com\/pl\/events\/28-konferencja-i-wystawa-cired-2025-dotyczaca-dystrybucji-energii-elektrycznej\/#primaryimage"},"image":{"@id":"https:\/\/utiligize.com\/pl\/events\/28-konferencja-i-wystawa-cired-2025-dotyczaca-dystrybucji-energii-elektrycznej\/#primaryimage"},"thumbnailUrl":"https:\/\/utiligize.com\/wp-content\/uploads\/2024\/07\/CIRED.png","datePublished":"2024-07-26T09:54:52+00:00","dateModified":"2025-10-29T17:19:48+00:00","breadcrumb":{"@id":"https:\/\/utiligize.com\/pl\/events\/28-konferencja-i-wystawa-cired-2025-dotyczaca-dystrybucji-energii-elektrycznej\/#breadcrumb"},"inLanguage":"pl-PL","potentialAction":[{"@type":"ReadAction","target":["https:\/\/utiligize.com\/pl\/events\/28-konferencja-i-wystawa-cired-2025-dotyczaca-dystrybucji-energii-elektrycznej\/"]}]},{"@type":"ImageObject","inLanguage":"pl-PL","@id":"https:\/\/utiligize.com\/pl\/events\/28-konferencja-i-wystawa-cired-2025-dotyczaca-dystrybucji-energii-elektrycznej\/#primaryimage","url":"https:\/\/utiligize.com\/wp-content\/uploads\/2024\/07\/CIRED.png","contentUrl":"https:\/\/utiligize.com\/wp-content\/uploads\/2024\/07\/CIRED.png","width":500,"height":500},{"@type":"BreadcrumbList","@id":"https:\/\/utiligize.com\/pl\/events\/28-konferencja-i-wystawa-cired-2025-dotyczaca-dystrybucji-energii-elektrycznej\/#breadcrumb","itemListElement":[{"@type":"ListItem","position":1,"name":"Home","item":"https:\/\/utiligize.com\/pl\/"},{"@type":"ListItem","position":2,"name":"28. Konferencja i Wystawa CIRED 2025 dotycz\u0105ca Dystrybucji Energii Elektrycznej"}]},{"@type":"WebSite","@id":"https:\/\/utiligize.com\/pl\/#website","url":"https:\/\/utiligize.com\/pl\/","name":"Utiligize","description":"for powerful decisions","potentialAction":[{"@type":"SearchAction","target":{"@type":"EntryPoint","urlTemplate":"https:\/\/utiligize.com\/pl\/?s={search_term_string}"},"query-input":{"@type":"PropertyValueSpecification","valueRequired":true,"valueName":"search_term_string"}}],"inLanguage":"pl-PL"}]}},"_links":{"self":[{"href":"https:\/\/utiligize.com\/pl\/wp-json\/wp\/v2\/events\/3409","targetHints":{"allow":["GET"]}}],"collection":[{"href":"https:\/\/utiligize.com\/pl\/wp-json\/wp\/v2\/events"}],"about":[{"href":"https:\/\/utiligize.com\/pl\/wp-json\/wp\/v2\/types\/events"}],"version-history":[{"count":1,"href":"https:\/\/utiligize.com\/pl\/wp-json\/wp\/v2\/events\/3409\/revisions"}],"predecessor-version":[{"id":3413,"href":"https:\/\/utiligize.com\/pl\/wp-json\/wp\/v2\/events\/3409\/revisions\/3413"}],"wp:featuredmedia":[{"embeddable":true,"href":"https:\/\/utiligize.com\/pl\/wp-json\/wp\/v2\/media\/3412"}],"wp:attachment":[{"href":"https:\/\/utiligize.com\/pl\/wp-json\/wp\/v2\/media?parent=3409"}],"curies":[{"name":"wp","href":"https:\/\/api.w.org\/{rel}","templated":true}]}}

28. Konferencja i Wystawa CIRED 2025 dotycząca Dystrybucji Energii Elektrycznej

<div class="acf-image" >
		<img loading="lazy" decoding="async" width="2706" height="652" src="https://utiligize.com/wp-content/uploads/2024/07/Screenshot-2024-07-25-at-16.02.33.png" class="attachment-full size-full" alt="" srcset="https://utiligize.com/wp-content/uploads/2024/07/Screenshot-2024-07-25-at-16.02.33.png 2706w, https://utiligize.com/wp-content/uploads/2024/07/Screenshot-2024-07-25-at-16.02.33-300x72.png 300w, https://utiligize.com/wp-content/uploads/2024/07/Screenshot-2024-07-25-at-16.02.33-1024x247.png 1024w, https://utiligize.com/wp-content/uploads/2024/07/Screenshot-2024-07-25-at-16.02.33-768x185.png 768w, https://utiligize.com/wp-content/uploads/2024/07/Screenshot-2024-07-25-at-16.02.33-1536x370.png 1536w, https://utiligize.com/wp-content/uploads/2024/07/Screenshot-2024-07-25-at-16.02.33-2048x493.png 2048w" sizes="auto, (max-width: 2706px) 100vw, 2706px" />    </div>


    <div class="acf-text-editor" >
        <div class="c-wysiwyg">
			<p>Miło nam ogłosić, że Utiligize weźmie udział w 28. Konferencji i Wystawie na temat Dystrybucji Energii Elektrycznej, CIRED, która odbędzie się w dniach 16-19 czerwca 2025 roku w Genewie, w Szwajcarii. Odwiedź nas na stoisku H3 i przekonaj się, jak nasze oprogramowanie do zarządzania zasobami zostało stworzone, aby pomóc przedsiębiorstwom energetycznym usprawnić procesy, obniżyć koszty i zwiększyć wydajność zielonych systemów energetycznych.</p>
<p>Ta konferencja to doskonała okazja do nawiązania kontaktów z ekspertami z branży oraz poznania nowych badań, pomysłów i inicjatyw w dziedzinie dystrybucji energii elektrycznej. Z radością pokażemy, jak nasze rozwiązania wspierają zrównoważoną i efektywną przyszłość energetyczną.</p>
<p>&nbsp;</p>
        </div>
    </div>

<p>Odwiedź nas na DISTRIBUTECH International, 24-27 marca 2025, w Dallas w Teksasie. Dowiedz się, jak nasze oprogramowanie optymalizuje procesy użyteczności publicznej i usprawnia systemy zielonej energii przy stoisku H3.</p>

<title>28. Konferencja i Wystawa CIRED 2025 dotycząca Dystrybucji Energii Elektrycznej - Utiligize</title>
<meta name="robots" content="index, follow, max-snippet:-1, max-image-preview:large, max-video-preview:-1" />
<link rel="canonical" href="https://utiligize.com/pl/events/28-konferencja-i-wystawa-cired-2025-dotyczaca-dystrybucji-energii-elektrycznej/" />
<meta property="og:locale" content="pl_PL" />
<meta property="og:type" content="article" />
<meta property="og:title" content="28. Konferencja i Wystawa CIRED 2025 dotycząca Dystrybucji Energii Elektrycznej - Utiligize" />
<meta property="og:description" content="Odwiedź nas na DISTRIBUTECH International, 24-27 marca 2025, w Dallas w Teksasie. Dowiedz się, jak nasze oprogramowanie optymalizuje procesy użyteczności publicznej i usprawnia systemy zielonej energii przy stoisku H3." />
<meta property="og:url" content="https://utiligize.com/pl/events/28-konferencja-i-wystawa-cired-2025-dotyczaca-dystrybucji-energii-elektrycznej/" />
<meta property="og:site_name" content="Utiligize" />
<meta property="article:modified_time" content="2025-10-29T17:19:48+00:00" />
<meta property="og:image" content="https://utiligize.com/wp-content/uploads/2024/07/CIRED.png" />
	<meta property="og:image:width" content="500" />
	<meta property="og:image:height" content="500" />
	<meta property="og:image:type" content="image/png" />
<meta name="twitter:card" content="summary_large_image" />
<script type="application/ld+json" class="yoast-schema-graph">{"@context":"https:\/\/schema.org","@graph":[{"@type":"WebPage","@id":"https:\/\/utiligize.com\/pl\/events\/28-konferencja-i-wystawa-cired-2025-dotyczaca-dystrybucji-energii-elektrycznej\/","url":"https:\/\/utiligize.com\/pl\/events\/28-konferencja-i-wystawa-cired-2025-dotyczaca-dystrybucji-energii-elektrycznej\/","name":"28. Konferencja i Wystawa CIRED 2025 dotycząca Dystrybucji Energii Elektrycznej - Utiligize","isPartOf":{"@id":"https:\/\/utiligize.com\/pl\/#website"},"primaryImageOfPage":{"@id":"https:\/\/utiligize.com\/pl\/events\/28-konferencja-i-wystawa-cired-2025-dotyczaca-dystrybucji-energii-elektrycznej\/#primaryimage"},"image":{"@id":"https:\/\/utiligize.com\/pl\/events\/28-konferencja-i-wystawa-cired-2025-dotyczaca-dystrybucji-energii-elektrycznej\/#primaryimage"},"thumbnailUrl":"https:\/\/utiligize.com\/wp-content\/uploads\/2024\/07\/CIRED.png","datePublished":"2024-07-26T09:54:52+00:00","dateModified":"2025-10-29T17:19:48+00:00","breadcrumb":{"@id":"https:\/\/utiligize.com\/pl\/events\/28-konferencja-i-wystawa-cired-2025-dotyczaca-dystrybucji-energii-elektrycznej\/#breadcrumb"},"inLanguage":"pl-PL","potentialAction":[{"@type":"ReadAction","target":["https:\/\/utiligize.com\/pl\/events\/28-konferencja-i-wystawa-cired-2025-dotyczaca-dystrybucji-energii-elektrycznej\/"]}]},{"@type":"ImageObject","inLanguage":"pl-PL","@id":"https:\/\/utiligize.com\/pl\/events\/28-konferencja-i-wystawa-cired-2025-dotyczaca-dystrybucji-energii-elektrycznej\/#primaryimage","url":"https:\/\/utiligize.com\/wp-content\/uploads\/2024\/07\/CIRED.png","contentUrl":"https:\/\/utiligize.com\/wp-content\/uploads\/2024\/07\/CIRED.png","width":500,"height":500},{"@type":"BreadcrumbList","@id":"https:\/\/utiligize.com\/pl\/events\/28-konferencja-i-wystawa-cired-2025-dotyczaca-dystrybucji-energii-elektrycznej\/#breadcrumb","itemListElement":[{"@type":"ListItem","position":1,"name":"Home","item":"https:\/\/utiligize.com\/pl\/"},{"@type":"ListItem","position":2,"name":"28. Konferencja i Wystawa CIRED 2025 dotycząca Dystrybucji Energii Elektrycznej"}]},{"@type":"WebSite","@id":"https:\/\/utiligize.com\/pl\/#website","url":"https:\/\/utiligize.com\/pl\/","name":"Utiligize","description":"for powerful decisions","potentialAction":[{"@type":"SearchAction","target":{"@type":"EntryPoint","urlTemplate":"https:\/\/utiligize.com\/pl\/?s={search_term_string}"},"query-input":{"@type":"PropertyValueSpecification","valueRequired":true,"valueName":"search_term_string"}}],"inLanguage":"pl-PL"}]}</script>

28. Konferencja i Wystawa CIRED 2025 dotycząca Dystrybucji Energii Elektrycznej - Utiligize

Odwiedź nas na DISTRIBUTECH International, 24-27 marca 2025, w Dallas w Teksasie. Dowiedz się, jak nasze oprogramowanie optymalizuje procesy użyteczności publicznej i usprawnia systemy zielonej energii przy stoisku H3.
